{"id":118,"date":"2023-10-21T16:36:29","date_gmt":"2023-10-21T16:36:29","guid":{"rendered":"https:\/\/www.untamalankyla.fi\/?page_id=118"},"modified":"2025-09-30T15:55:45","modified_gmt":"2025-09-30T15:55:45","slug":"tapahtumia","status":"publish","type":"page","link":"https:\/\/www.untamalankyla.fi\/index.php\/tapahtumia\/","title":{"rendered":"Tapahtumia"},"content":{"rendered":"\n<h2 class=\"wp-block-heading has-black-color has-text-color\"><strong>Tulevat tapahtumat:<\/strong><\/h2>\n\n\n\n<h3 class=\"wp-block-heading has-black-color has-text-color has-link-color wp-elements-e0b78625810d5cc673d5dcb60de9807f\"><strong>Tervetuloa Yhteistalolle p\u00e4iv\u00e4- tai raamattupiiriin!<\/strong><\/h3>\n\n\n\n<div class=\"wp-block-columns is-layout-flex wp-container-core-columns-is-layout-1 wp-block-columns-is-layout-flex\">\n<div class=\"wp-block-column is-layout-flow wp-block-column-is-layout-flow\">\n<p><strong>P\u00c4IV\u00c4PIIRIN SYYSKAUSI<\/strong><\/p>\n\n\n\n<p>To 18.9.2025 klo 13<\/p>\n\n\n\n<p>To 16.10.2025 klo 13<\/p>\n\n\n\n<p>To 20.11.2025 klo 13<\/p>\n\n\n\n<p>To 11.12.2025 klo 13<strong><br><\/strong>J\u00e4rjest\u00e4j\u00e4 Untamalan diakonia<\/p>\n\n\n\n<p><strong>UNTAMALAN RAAMATTUPIIRI<br>perjantaisin klo 18.30<\/strong><\/p>\n\n\n\n<p>Syksy 2025:<\/p>\n\n\n\n<p>29.8., 12.9., 26.9., 10.10., 24.10., 7.11., 21.11.<\/p>\n\n\n\n<p>Kev\u00e4t 2026:<\/p>\n\n\n\n<p>9.1., 23.1., 6.2., 20.2., 6.3., 20.3., 10.4., 24.4.<\/p>\n<\/div>\n<\/div>\n\n\n\n<hr class=\"wp-block-separator has-text-color has-black-color has-alpha-channel-opacity has-black-background-color has-background is-style-wide\"\/>\n\n\n\n<hr class=\"wp-block-separator has-text-color has-black-color has-alpha-channel-opacity has-black-background-color has-background is-style-wide\"\/>\n\n\n\n<p><strong>Kyl\u00e4ilta Yhteistalolla ma 20.10.2025 klo 18<\/strong><\/p>\n\n\n\n<p>Tervetuloa viett\u00e4m\u00e4\u00e4n kyl\u00e4l\u00e4isten yhteist\u00e4 iltaa musiikin, kahvittelun ja rupattelun merkeiss\u00e4! Toivomme mukaan my\u00f6s kyl\u00e4\u00e4n viime vuosien aikana muuttaneita uusia asukkaita. Musiikista vastaa Varpu &amp; Janne duo.<\/p>\n\n\n\n<p><strong>Untamalan Kyl\u00e4yhdistys ry:n syyskokous<\/strong><\/p>\n\n\n\n<p>Yhteistalolla ma 17.11.2025 klo 18<\/p>\n\n\n\n<p><strong>Joulunavaus<\/strong><\/p>\n\n\n\n<p>Ke 17.12.2025 klo 18 Ekoluomalla (Untamalantie 869). Gl\u00f6gi\u00e4 ja makkaranpaistoa (omat makkarat mukaan)<\/p>\n\n\n\n<figure class=\"wp-block-gallery has-nested-images columns-default is-cropped wp-block-gallery-1 is-layout-flex wp-block-gallery-is-layout-flex\"><\/figure>\n\n\n\n<p><\/p>\n","protected":false},"excerpt":{"rendered":"<p>Tulevat tapahtumat: Tervetuloa Yhteistalolle p\u00e4iv\u00e4- tai raamattupiiriin! P\u00c4IV\u00c4PIIRIN SYYSKAUSI To 18.9.2025 klo 13 To 16.10.2025 klo 13 To 20.11.2025 klo 13 To 11.12.2025 klo 13J\u00e4rjest\u00e4j\u00e4 Untamalan diakonia UNTAMALAN RAAMATTUPIIRIperjantaisin klo 18.30 Syksy 2025: 29.8., 12.9., 26.9., 10.10., 24.10., 7.11., 21.11. Kev\u00e4t 2026: 9.1., 23.1., 6.2., 20.2., 6.3., 20.3., 10.4., 24.4. Kyl\u00e4ilta Yhteistalolla ma 20.10.2025 klo &hellip; <\/p>\n<p class=\"link-more\"><a href=\"https:\/\/www.untamalankyla.fi\/index.php\/tapahtumia\/\" class=\"more-link\">Jatka lukemista<span class=\"screen-reader-text\"> &#8221;Tapahtumia&#8221;<\/span><\/a><\/p>\n","protected":false},"author":1,"featured_media":0,"parent":0,"menu_order":0,"comment_status":"closed","ping_status":"closed","template":"","meta":{"footnotes":""},"class_list":["post-118","page","type-page","status-publish","hentry"],"_links":{"self":[{"href":"https:\/\/www.untamalankyla.fi\/index.php\/wp-json\/wp\/v2\/pages\/118","targetHints":{"allow":["GET"]}}],"collection":[{"href":"https:\/\/www.untamalankyla.fi\/index.php\/wp-json\/wp\/v2\/pages"}],"about":[{"href":"https:\/\/www.untamalankyla.fi\/index.php\/wp-json\/wp\/v2\/types\/page"}],"author":[{"embeddable":true,"href":"https:\/\/www.untamalankyla.fi\/index.php\/wp-json\/wp\/v2\/users\/1"}],"replies":[{"embeddable":true,"href":"https:\/\/www.untamalankyla.fi\/index.php\/wp-json\/wp\/v2\/comments?post=118"}],"version-history":[{"count":25,"href":"https:\/\/www.untamalankyla.fi\/index.php\/wp-json\/wp\/v2\/pages\/118\/revisions"}],"predecessor-version":[{"id":239,"href":"https:\/\/www.untamalankyla.fi\/index.php\/wp-json\/wp\/v2\/pages\/118\/revisions\/239"}],"wp:attachment":[{"href":"https:\/\/www.untamalankyla.fi\/index.php\/wp-json\/wp\/v2\/media?parent=118"}],"curies":[{"name":"wp","href":"https:\/\/api.w.org\/{rel}","templated":true}]}}

<h2 class="wp-block-heading has-black-color has-text-color"><strong>Tulevat tapahtumat:</strong></h2>



<h3 class="wp-block-heading has-black-color has-text-color has-link-color wp-elements-e0b78625810d5cc673d5dcb60de9807f"><strong>Tervetuloa Yhteistalolle päivä- tai raamattupiiriin!</strong></h3>



<div class="wp-block-columns is-layout-flex wp-container-core-columns-is-layout-1 wp-block-columns-is-layout-flex">
<div class="wp-block-column is-layout-flow wp-block-column-is-layout-flow">
<p><strong>PÄIVÄPIIRIN SYYSKAUSI</strong></p>



<p>To 18.9.2025 klo 13</p>



<p>To 16.10.2025 klo 13</p>



<p>To 20.11.2025 klo 13</p>



<p>To 11.12.2025 klo 13<strong><br></strong>Järjestäjä Untamalan diakonia</p>



<p><strong>UNTAMALAN RAAMATTUPIIRI<br>perjantaisin klo 18.30</strong></p>



<p>Syksy 2025:</p>



<p>29.8., 12.9., 26.9., 10.10., 24.10., 7.11., 21.11.</p>



<p>Kevät 2026:</p>



<p>9.1., 23.1., 6.2., 20.2., 6.3., 20.3., 10.4., 24.4.</p>
</div>
</div>



<hr class="wp-block-separator has-text-color has-black-color has-alpha-channel-opacity has-black-background-color has-background is-style-wide"/>



<hr class="wp-block-separator has-text-color has-black-color has-alpha-channel-opacity has-black-background-color has-background is-style-wide"/>



<p><strong>Kyläilta Yhteistalolla ma 20.10.2025 klo 18</strong></p>



<p>Tervetuloa viettämään kyläläisten yhteistä iltaa musiikin, kahvittelun ja rupattelun merkeissä! Toivomme mukaan myös kylään viime vuosien aikana muuttaneita uusia asukkaita. Musiikista vastaa Varpu &amp; Janne duo.</p>



<p><strong>Untamalan Kyläyhdistys ry:n syyskokous</strong></p>



<p>Yhteistalolla ma 17.11.2025 klo 18</p>



<p><strong>Joulunavaus</strong></p>



<p>Ke 17.12.2025 klo 18 Ekoluomalla (Untamalantie 869). Glögiä ja makkaranpaistoa (omat makkarat mukaan)</p>



<figure class="wp-block-gallery has-nested-images columns-default is-cropped wp-block-gallery-1 is-layout-flex wp-block-gallery-is-layout-flex"></figure>



<p></p>

<p>Tulevat tapahtumat: Tervetuloa Yhteistalolle päivä- tai raamattupiiriin! PÄIVÄPIIRIN SYYSKAUSI To 18.9.2025 klo 13 To 16.10.2025 klo 13 To 20.11.2025 klo 13 To 11.12.2025 klo 13Järjestäjä Untamalan diakonia UNTAMALAN RAAMATTUPIIRIperjantaisin klo 18.30 Syksy 2025: 29.8., 12.9., 26.9., 10.10., 24.10., 7.11., 21.11. Kevät 2026: 9.1., 23.1., 6.2., 20.2., 6.3., 20.3., 10.4., 24.4. Kyläilta Yhteistalolla ma 20.10.2025 klo &hellip; </p>
<p class="link-more"><a href="https://www.untamalankyla.fi/index.php/tapahtumia/" class="more-link">Jatka lukemista<span class="screen-reader-text"> &#8221;Tapahtumia&#8221;</span></a></p>
